{"id":378,"date":"2017-10-17T19:17:18","date_gmt":"2017-10-17T19:17:18","guid":{"rendered":"http:\/\/www.visioncr.es\/?page_id=378"},"modified":"2018-01-23T09:20:15","modified_gmt":"2018-01-23T09:20:15","slug":"talleres-2","status":"publish","type":"page","link":"http:\/\/www.visioncr.es\/index.php\/talleres-2\/","title":{"rendered":"Talleres"},"content":{"rendered":"<div class=\"row\">\n<div class=\"col-md-4\"><img decoding=\"async\" class=\"alignnone wp-image-323 size-thumbnail\" src=\"http:\/\/www.visioncr.es\/wp-content\/uploads\/2017\/10\/talleres-1.png\" alt=\"\" width=\"250\" \/><\/div>\n<div class=\"col-md-8\">\n<h3>Taller-Reto: \u00abVisi\u00f3n por Computador\u00bb<\/h3>\n<h4>Para alumnos de la Universidad de Castilla-La Mancha<\/h4>\n<h3>mi\u00e9rcoles 25 de octubre &#8211; 16:00-20:00hrs.<\/h3>\n<p>Lugar: Escuela Superior de Inform\u00e1tica<\/p>\n<p>Descargar <a href=\"http:\/\/www.visioncr.es\/wp-content\/uploads\/taller\/tallerRetoVision_SantaTecla2017.pdf\" target=\"_blank\" rel=\"noopener\">TRANSPARENCIAS<\/a> (PDF)<\/p>\n<p>Ver <a href=\"http:\/\/www.visioncr.es\/wp-content\/uploads\/2018\/01\/Bases_1er_Taller-Reto-Vision_2017.pdf\" target=\"_blank\" rel=\"noopener\">BASES Y PREMIOS<\/a><\/p>\n<p><strong>Ganadores<\/strong>: 1er. Puesto: Equipo Escombro Team (Rub\u00e9n Rodr\u00edguez y Jos\u00e9 A. Mart\u00ednez), 2\u00ba Puesto: Equipo Furious Kangaroos (Diego Molero y Alberto Aranda), 3er. Puesto: Equipo HoloLnes (Daniel Pozo y Cristian G\u00f3mez).<\/p>\n<p><a class=\"btn btn-lg btn-success\" href=\"http:\/\/www.visioncr.es\/index.php\/galeria#santatecla\"><i class=\"fa fa-camera-retro fa-2x pull-left\"><\/i>Ver Fotos<\/a><\/p>\n<h3>Taller reto: \u00abIntroducci\u00f3n a la visi\u00f3n por computador\u00bb<\/h3>\n<h4>Para alumnos de secundaria<\/h4>\n<h3>martes 7 de noviembre &#8211; 9:00hrs.<\/h3>\n<p>Lugar: Escuela Superior de Inform\u00e1tica<\/p>\n<p>Descargar <a href=\"http:\/\/www.visioncr.es\/wp-content\/uploads\/taller\/tallerRetoVision_Institutos2017.pdf\" target=\"_blank\" rel=\"noopener\">TRANSPARENCIAS<\/a> (PDF)<\/p>\n<p>Ver <a href=\"http:\/\/www.visioncr.es\/wp-content\/uploads\/2018\/01\/Bases-1er-Taller-Reto-Vision-2017-Institutos.pdf\" target=\"_blank\" rel=\"noopener\">BASES Y PREMIOS<\/a><\/p>\n<p><strong>Ganadores<\/strong>: 1er. Puesto: Equipo Ipertrola (IES Torre\u00f3n del Alc\u00e1zar),\u00a0 2\u00ba Puesto: Equipo Juliancentrismo (IES Atenea), 3er. Puesto: Equipo Do Until Win (IES Maestro Juan de \u00c1vila).<\/p>\n<p><a class=\"btn btn-lg btn-success\" href=\"http:\/\/www.visioncr.es\/index.php\/galeria#tallerinsti\"><i class=\"fa fa-camera-retro fa-2x pull-left\"><\/i>Ver Fotos<\/a><\/p>\n<h3>\u201c\u00bfC\u00f3mo ven los robots? Introducci\u00f3n a la visi\u00f3n artificial y la rob\u00f3tica\u201d<\/h3>\n<p>Da tus primeros pasos en el mundo de la rob\u00f3tica y las nuevas tecnolog\u00edas descubriendo c\u00f3mo los robots pueden ser m\u00e1s \u00abinteligentes\u00bb cuando capturan la informaci\u00f3n de su entorno y \u00abven\u00bb el mundo que les rodea.<\/p>\n<h4>Para ni\u00f1os de 7-9 a\u00f1os<\/h4>\n<h3>viernes 10 de noviembre &#8211; 18:00hrs.<\/h3>\n<p>Plazas m\u00e1ximas: 14<br \/>\n<strong>Inscripciones<\/strong>: Desde el 2 de noviembre en el mostrador de la biblioteca o en la web:<br \/>\n<a href=\"https:\/\/goo.gl\/rQiXbP\" target=\"_blank\" rel=\"noopener\">https:\/\/goo.gl\/rQiXbP<\/a><\/p>\n<p><a class=\"btn btn-lg btn-success\" href=\"http:\/\/www.visioncr.es\/index.php\/galeria#ninos1\"><i class=\"fa fa-camera-retro fa-2x pull-left\"><\/i>Ver Fotos<\/a> <a class=\"btn btn-lg btn-success\" href=\"https:\/\/youtu.be\/0cxv26DBBXo\" target=\"_blank\" rel=\"noopener\"><i class=\"fa fa-youtube-play fa-2x pull-left\"><\/i>Ver V\u00eddeo<\/a><\/p>\n<h4>Para ni\u00f1os de 4-6 a\u00f1os<\/h4>\n<h3>s\u00e1bado 11 de noviembre &#8211; 11:00hrs.<\/h3>\n<p>Plazas m\u00e1ximas: 14<br \/>\n<strong>Inscripciones<\/strong>: Desde el 2 de noviembre en el mostrador de la biblioteca o en la web:<br \/>\n<a href=\"https:\/\/goo.gl\/rQiXbP\" target=\"_blank\" rel=\"noopener\">https:\/\/goo.gl\/rQiXbP<\/a><\/p>\n<p>Lugar: Biblioteca P\u00fablica del Estado.<\/p>\n<p><a class=\"btn btn-lg btn-success\" href=\"http:\/\/www.visioncr.es\/index.php\/galeria#ninos2\"><i class=\"fa fa-camera-retro fa-2x pull-left\"><\/i>Ver Fotos<\/a> <a class=\"btn btn-lg btn-success\" href=\"https:\/\/youtu.be\/_xr8NNUMWWU\" target=\"_blank\" rel=\"noopener\"><i class=\"fa fa-youtube-play fa-2x pull-left\"><\/i>Ver V\u00eddeo<\/a><\/p>\n<\/div>\n<\/div>\n<p>&nbsp;<\/p>\n","protected":false},"excerpt":{"rendered":"<p>Taller-Reto: \u00abVisi\u00f3n por Computador\u00bb Para alumnos de la Universidad de Castilla-La Mancha mi\u00e9rcoles 25 de octubre &#8211; 16:00-20:00hrs. Lugar: Escuela Superior de Inform\u00e1tica Descargar TRANSPARENCIAS (PDF) Ver BASES Y PREMIOS Ganadores: 1er. Puesto: Equipo Escombro Team (Rub\u00e9n Rodr\u00edguez y Jos\u00e9 A. Mart\u00ednez), 2\u00ba Puesto: Equipo Furious Kangaroos (Diego Molero y Alberto Aranda), 3er. Puesto: Equipo <a href=\"http:\/\/www.visioncr.es\/index.php\/talleres-2\/\" rel=\"nofollow\"><span class=\"sr-only\">Leer m\u00e1sTalleres<\/span>[&hellip;]<\/a><\/p>\n","protected":false},"author":1,"featured_media":0,"parent":0,"menu_order":0,"comment_status":"closed","ping_status":"closed","template":"","meta":{"footnotes":""},"class_list":["post-378","page","type-page","status-publish","hentry"],"_links":{"self":[{"href":"http:\/\/www.visioncr.es\/index.php\/wp-json\/wp\/v2\/pages\/378","targetHints":{"allow":["GET"]}}],"collection":[{"href":"http:\/\/www.visioncr.es\/index.php\/wp-json\/wp\/v2\/pages"}],"about":[{"href":"http:\/\/www.visioncr.es\/index.php\/wp-json\/wp\/v2\/types\/page"}],"author":[{"embeddable":true,"href":"http:\/\/www.visioncr.es\/index.php\/wp-json\/wp\/v2\/users\/1"}],"replies":[{"embeddable":true,"href":"http:\/\/www.visioncr.es\/index.php\/wp-json\/wp\/v2\/comments?post=378"}],"version-history":[{"count":55,"href":"http:\/\/www.visioncr.es\/index.php\/wp-json\/wp\/v2\/pages\/378\/revisions"}],"predecessor-version":[{"id":843,"href":"http:\/\/www.visioncr.es\/index.php\/wp-json\/wp\/v2\/pages\/378\/revisions\/843"}],"wp:attachment":[{"href":"http:\/\/www.visioncr.es\/index.php\/wp-json\/wp\/v2\/media?parent=378"}],"curies":[{"name":"wp","href":"https:\/\/api.w.org\/{rel}","templated":true}]}}